2*o + 3*r, 0 = 4*o + r - j. What is the remainder when o is divided by 6?
4
Let p(l) = 3*l**3 + 6*l**2 + 10*l + 15. Let j(w) = 7*w**3 + 11*w**2 + 21*w + 31. Let y(u) = -2*j(u) + 5*p(u). What is the remainder when 15 is divided by y(-7)?
3
Let k = 477 - 447. What is the remainder when k is divided by 11?
8
Suppose 60 + 111 = 3*u. Suppose -p + 2 + 0 = 0. Suppose 5*g - u = p*g. Calculate the remainder when 56 is divided by g.
18
Let x = 506 + -503. What is the remainder when x is divided by (-1 + 1/2)*-2?
0
Let b(d) = -d**3 + 61*d**2 - d + 75. What is the remainder when 167 is divided by b(61)?
13
What is the remainder when 14/(-4)*704/154*-6 is divided by 13?
5
Suppose x = -4*b - 9 - 32, 10 = -2*b - 4*x. Let a(i) = -i**2 - 2*i + 1. Let z be a(4). Let n = b - z. What is the remainder when 57 is divided by n?
9
Let k(p) = 9*p + 188. Suppose 3*q + 5 = 17. Let f(z) = 5*z - 6. What is the remainder when k(-15) is divided by f(q)?
11
What is the remainder when 66 is divided by 25/100 - (-369)/12?
4
Suppose z + 152 = 5*n, -3*n + z = 6*z - 108. What is the remainder when 221 is divided by n?
4
Let b be 30/25*5/2. Suppose -6*q = -b*q - 15. Suppose -q = 2*v - 31. Calculate the remainder when 24 is divided by v.
11
What is the remainder when 58 is divided by 60/(-135) + (-386)/(-18)?
16
Let u(t) = t**3 + 6*t**2 - 17*t + 16. What is the remainder when u(-7) is divided by 15?
11
Suppose -5 = -t, -6*t + 3*t - 213 = -3*b. What is the remainder when b is divided by 21?
13
Let m be (-1)/((-5)/10) + 54. Suppose -t = 3*w - m, 2*t - t - 2 = 0. Calculate the remainder when 68 is divided by w.
14
Let k(v) = -4*v - 185. What is the remainder when 88 is divided by k(-48)?
4
Let d be ((-4)/(-6) - 0) + 156/9. What is the remainder when 37 is divided by 61/6 - d/108?
7
Let x = -29 + 46. Suppose -5*t = 6*t - 3*i - 2427, -2*i = -2*t + 450. Calculate the remainder when t is divided by x.
15
Let i(a) = a**2 - 20*a + 12. Let z be i(23). Let n = 93 - z. Calculate the remainder when 33 is divided by n.
9
Let q be (8/10)/((-16)/(-120)). Suppose 5*x - q*x = -b + 81, -3*x - 223 = b. Let p = -48 - x. What is the remainder when p is divided by 15?
13
Suppose 3*c - 8 = -c. Suppose 5*i - c*u - 90 = 0, 2*i - 5*u - 73 = -i. Let q = 79 + -70. Calculate the remainder when i is divided by q.
7
Let g = -9 - -11. Suppose 3*r = -3*b + 81, -3*b + 132 = g*b + 2*r. Calculate the remainder when b is divided by 9.
8
Let g be ((-54)/(-15))/6*5. Suppose 0 = -w + g*w - 76. What is the remainder when 113 is divided by w?
37
Suppose 387*o = 382*o + 315. Suppose 74 - 9 = 5*i. Calculate the remainder when o is divided by i.
11
Suppose -5*m + 3*v - 473 = 0, 31 = -m + 3*v - 54. Let c = -47 - m. Calculate the remainder when c is divided by 13.
11
Let g(a) = 2*a**2 + a + 2. Let q = 11002 - 10987. Calculate the remainder when q is divided by g(-2).
7
Let u(h) = -h**2 - 2*h + 8. Let d be u(-4). Suppose -6*t + 10 + 122 = d. What is the remainder when 65 is divided by t?
21
Let j = -161 + 200. Calculate the remainder when j is divided by 15.
9
Let z(q) = 4*q - 19. Let y be z(6). Suppose 4*k + 7 = -y. What is the remainder when 36 - (k + 4 + 2) is divided by 17?
16
Suppose -2*u + 8 = 0, 5*u = 2*d + 8*u - 110. Let c = d - 26. What is the remainder when 181 is divided by c?
20
Let j = 194 - 188. Calculate the remainder when 72 is divided by j.
0
Let k be (518/15 - 3/15)*3. Let a = k + -96. What is the remainder when 60 is divided by a?
4
Let g(j) = -2*j**3 - 3*j**2 - j - 2. Let h = -1 - -11. What is the remainder when g(-3) is divided by h?
8
Let r(u) = 10*u**3 + 7*u - 1 - 3 + 3*u**2 - 11*u**3. Calculate the remainder when r(3) is divided by 10.
7
Let p = 18 + -15. Let r(z) = 3*z - 4. Let y be r(2). Suppose l - 3*w - 17 = w, -2*l + y*w = -16. What is the remainder when l is divided by p?
2
Let w(h) = -h. Let g(l) = -2*l + 2. Let n(r) = -3*g(r) + 12*w(r). Suppose 0 = -5*c + 167 + 63. Calculate the remainder when c is divided by n(-3).
10
Let o = -44 - -178. What is the remainder when o is divided by 20?
14
Suppose 4*q + 17 - 58 = -m, -5*m = 4*q - 141. What is the remainder when 42 is divided by m?
17
Let j = -4 - -4. Suppose -8*k + k + 238 = j. Calculate the remainder when k is divided by 16 + 4*(-3)/(-6).
16
Let l(a) = 2*a - 15. Let h be l(11). Suppose -2*o + j = -47 + 6, -h = o + 5*j. Calculate the remainder when o is divided by 13.
5
Let t(s) = 2*s**3 - 2*s - 4. Let q be t(-3). Let k = q + 73. Suppose z - 3*h = 53, -z + 8 = 3*h - k. Calculate the remainder when z is divided by 11.
8
Let d(l) = -3 - 3 + 4*l + 2. Calculate the remainder when d(3) is divided by 3.
2
Calculate the remainder when (-2 + 15/6)/((-8)/(-752)) is divided by 16.
15
Suppose 37 = -12*i + 205. Let o(p) = 7*p - 5. Let g be o(-3). Let d = g - -52. What is the remainder when d is divided by i?
12
Let s(j) = 3*j**2 - 15*j - 59. Calculate the remainder when 59 is divided by s(8).
7
Let a = -38 - -40. Let z(x) = -7 - 5*x**2 - 8 + 21 - 5*x + 4*x**2 + a*x**3. What is the remainder when z(4) is divided by 20?
18
Suppose 4*n + 3*n = 29960. What is the remainder when -2 + n/55 - 2/(-11) is divided by 26?
24
Let p(j) = j**2 - 8*j + 26. Calculate the remainder when 66 is divided by p(6).
10
Let x = -68 + 57. Calculate the remainder when 51 is divided by 83/3 - x/33.
23
Let a = -270 + 276. Calculate the remainder when 156 is divided by a.
0
Suppose 594 = 4*m - 2*a, 6*m + a - 760 = m. Calculate the remainder when m is divided by 11.
8
Suppose 0 = -70*s + 2100 - 420. What is the remainder when 166 is divided by s?
22
Suppose -2*h - 2*r + 276 = 0, -341 + 65 = -2*h - 4*r. Let z be -1*(h - 1 - -2). Let p = z + 202. What is the remainder when p is divided by 22?
19
Let m(t) = -t**2 - 12*t + 2. Calculate the remainder when m(-5) is divided by ((-1)/((-1)/33))/(92 - 89).
4
Let d = 37 - -28. Calculate the remainder when d is divided by (-616)/(-539)*119/4.
31
Let f(t) = 8*t**3 + 5*t**2 - 3*t + 3. Calculate the remainder when f(4) is divided by 28.
23
Let w(h) = 75*h**2 - 2*h - 2 + 3 - 74*h**2. Calculate the remainder when 96 is divided by w(-4).
21
Let o be 2/(-8) - (-5265)/20. Suppose 0 = 8*d - 3*d + 4*b - o, -4*d = -b - 223. What is the remainder when d is divided by -5*1/(-5) - -27?
27
Suppose 2*w - 32 = a, 53 + 26 = 5*w - 2*a. What is the remainder when 130 is divided by w?
10
Suppose -380*d = -396*d + 1824. What is the remainder when d is divided by 32?
18
Let z(k) = 11*k**2 + 70*k - 18. Let f = -26 + 37. What is the remainder when z(-7) is divided by f?
9
What is the remainder when (-7)/(-7)*(157 + 1) is divided by 42?
32
Let t = -18 - 10. Let g(n) = n**3 + 28*n**2 - 2*n - 52. What is the remainder when 4 is divided by g(t)?
0
Let j be (-4)/(-6) - (-16)/12. Let k be j/(-8) + 50/40. Suppose 3*c + k - 79 = 0. What is the remainder when c is divided by 9?
8
Let p = 1091 + -246. What is the remainder when p is divided by 9?
8
Suppose -19*c + 234 = -c. Calculate the remainder when 47 is divided by c.
8
Suppose 293 = -f - 4*g, -3*f - 113 - 766 = g. Let c = -163 - f. Calculate the remainder when c is divided by 19.
16
Suppose 0 = z - 3*z + 6. Suppose -84 = -4*i - 5*b, -3*i - z*b = 2*b - 63. Calculate the remainder when i is divided by 8.
5
Suppose -4*h = -3*h - 8. Let l = -5 + h. Suppose -375 = -l*x - 2*x. Calculate the remainder when x is divided by 19.
18
Let n be ((-238)/(-63) - 4) + (-16)/9. Let f(a) = -14*a - 15. What is the remainder when 89 is divided by f(n)?
11
Let j(p) = -p**3 - 8*p**2 - 10*p - 6. Let q(i) = i**3 + 4. Let l be q(0). Calculate the remainder when j(-7) is divided by 11 - (-3)/((-6)/l).
6
Let u(a) = 255*a - 736. What is the remainder when -1 - (0 + -56 + 0) is divided by u(3)?
26
Let o = -16 + 31. Suppose 0 = -3*y + o + 3. Suppose 40 = -13*t + 17*t. What is the remainder when t is divided by y?
4
Let g = -198 + 201. Suppose 3 - 5 = -2*z. Suppose z - 8 = -q. What is the remainder when q is divided by g?
1
Let p = -3 + 56. Suppose 0 = -2*j - 2*l + l + 50, -p = -3*j + 4*l. Let c = 36 + 32. Calculate the remainder when c is divided by j.
22
Calculate the remainder when 53 - -1 - (4 + -4) is divided by 57*-2*4/(-24).
16
Let c(b) = 14*b**3 + b**2 - 10*b + 10. Calculate the remainder when 101 is divided by c(1).
11
What is the remainder when 10*-